{"id":131,"date":"2022-03-28T12:42:43","date_gmt":"2022-03-28T12:42:43","guid":{"rendered":"https:\/\/w3.ese.ipsantarem.pt\/eseinv2\/?page_id=131"},"modified":"2023-03-22T11:58:58","modified_gmt":"2023-03-22T11:58:58","slug":"investigacao-2","status":"publish","type":"page","link":"https:\/\/w3.ese.ipsantarem.pt\/eseinv2\/investigacao-2\/","title":{"rendered":"Investiga\u00e7\u00e3o"},"content":{"rendered":"\t\t<div data-elementor-type=\"wp-page\" data-elementor-id=\"131\" class=\"elementor elementor-131\">\n\t\t\t\t\t\t<section class=\"elementor-section elementor-top-section elementor-element elementor-element-90230da elementor-section-boxed elementor-section-height-default elementor-section-height-default\" data-id=\"90230da\" data-element_type=\"section\" data-e-type=\"section\">\n\t\t\t\t\t\t<div class=\"elementor-container elementor-column-gap-default\">\n\t\t\t\t\t<div class=\"elementor-column elementor-col-100 elementor-top-column elementor-element elementor-element-c9139da\" data-id=\"c9139da\" data-element_type=\"column\" data-e-type=\"column\">\n\t\t\t<div class=\"elementor-widget-wrap elementor-element-populated\">\n\t\t\t\t\t\t<div class=\"elementor-element elementor-element-61eacc7 elementor-widget elementor-widget-heading\" data-id=\"61eacc7\" data-element_type=\"widget\" data-e-type=\"widget\" data-widget_type=\"heading.default\">\n\t\t\t\t<div class=\"elementor-widget-container\">\n\t\t\t\t\t<h5 class=\"elementor-heading-title elementor-size-default\">Investiga\u00e7\u00e3o<\/h5>\t\t\t\t<\/div>\n\t\t\t\t<\/div>\n\t\t\t\t\t<\/div>\n\t\t<\/div>\n\t\t\t\t\t<\/div>\n\t\t<\/section>\n\t\t\t\t<section class=\"elementor-section elementor-top-section elementor-element elementor-element-f1b005c elementor-section-boxed elementor-section-height-default elementor-section-height-default\" data-id=\"f1b005c\" data-element_type=\"section\" data-e-type=\"section\">\n\t\t\t\t\t\t<div class=\"elementor-container elementor-column-gap-default\">\n\t\t\t\t\t<div class=\"elementor-column elementor-col-100 elementor-top-column elementor-element elementor-element-06615a7\" data-id=\"06615a7\" data-element_type=\"column\" data-e-type=\"column\">\n\t\t\t<div class=\"elementor-widget-wrap elementor-element-populated\">\n\t\t\t\t\t\t<div class=\"elementor-element elementor-element-fb37ddc elementor-widget elementor-widget-eael-adv-accordion\" data-id=\"fb37ddc\" data-element_type=\"widget\" data-e-type=\"widget\" data-widget_type=\"eael-adv-accordion.default\">\n\t\t\t\t<div class=\"elementor-widget-container\">\n\t\t\t\t\t            <div class=\"eael-adv-accordion\" id=\"eael-adv-accordion-fb37ddc\" data-scroll-on-click=\"no\" data-scroll-speed=\"300\" data-accordion-id=\"fb37ddc\" data-accordion-type=\"accordion\" data-toogle-speed=\"300\">\n            <div class=\"eael-accordion-list\">\n\t\t\t\t\t<div id=\"cavadas-b-branco-n-eds-handbook-of-research-on-interdisciplinarity-between-science-and-mathematics-in-education-pp-286-307-\" class=\"elementor-tab-title eael-accordion-header\" tabindex=\"0\" data-tab=\"1\" aria-controls=\"elementor-tab-content-2631\"><span class=\"eael-advanced-accordion-icon-closed\"><i aria-hidden=\"true\" class=\"fa-accordion-icon fas fa-plus\"><\/i><\/span><span class=\"eael-advanced-accordion-icon-opened\"><i aria-hidden=\"true\" class=\"fa-accordion-icon fas fa-minus\"><\/i><\/span><span class=\"eael-accordion-tab-title\">Cavadas. B. &amp; Branco. N. (Eds.), Handbook of Research on Interdisciplinarity between science and mathematics in education (pp. 286-307). <\/span><i aria-hidden=\"true\" class=\"fa-toggle fas fa-angle-right\"><\/i><\/div><div id=\"elementor-tab-content-2631\" class=\"eael-accordion-content clearfix\" data-tab=\"1\" aria-labelledby=\"cavadas-b-branco-n-eds-handbook-of-research-on-interdisciplinarity-between-science-and-mathematics-in-education-pp-286-307-\"><p>IGI-Global.\u00a0<a href=\"https:\/\/www.igi-global.com\/chapter\/science-and-mathematics-teacher-collaboration-in-higher-education\/317909\" target=\"_blank\" rel=\"noopener\">https:\/\/www.igi-global.com\/chapter\/science-and-mathematics-teacher-collaboration-in-higher-education\/317909<\/a>\u00a0\u00a0\u00a0\u00a0<\/p><p><img fetchpriority=\"high\" decoding=\"async\" class=\"alignnone size-medium wp-image-2019\" src=\"https:\/\/w3.ese.ipsantarem.pt\/eseinv2\/wp-content\/uploads\/2023\/03\/Handbook-230x300.jpg\" alt=\"\" width=\"230\" height=\"300\" srcset=\"https:\/\/w3.ese.ipsantarem.pt\/eseinv2\/wp-content\/uploads\/2023\/03\/Handbook-230x300.jpg 230w, https:\/\/w3.ese.ipsantarem.pt\/eseinv2\/wp-content\/uploads\/2023\/03\/Handbook.jpg 282w\" sizes=\"(max-width: 230px) 100vw, 230px\" \/><\/p><\/div>\n\t\t\t\t\t<\/div><div class=\"eael-accordion-list\">\n\t\t\t\t\t<div id=\"trovo-j-2023-ked-a-ked-construmos-o-led-50-um-modelo-de-transio-para-os-ambientes-educativos-inovadores-trabalho-de-projeto\" class=\"elementor-tab-title eael-accordion-header\" tabindex=\"0\" data-tab=\"2\" aria-controls=\"elementor-tab-content-2632\"><span class=\"eael-advanced-accordion-icon-closed\"><i aria-hidden=\"true\" class=\"fa-accordion-icon fas fa-plus\"><\/i><\/span><span class=\"eael-advanced-accordion-icon-opened\"><i aria-hidden=\"true\" class=\"fa-accordion-icon fas fa-minus\"><\/i><\/span><span class=\"eael-accordion-tab-title\">Trov\u00e3o, J. (2023). KED a KED constru\u00edmos o LED 5.0 \u2013 Um modelo de transi\u00e7\u00e3o para os Ambientes Educativos Inovadores [Trabalho de Projeto]<\/span><i aria-hidden=\"true\" class=\"fa-toggle fas fa-angle-right\"><\/i><\/div><div id=\"elementor-tab-content-2632\" class=\"eael-accordion-content clearfix\" data-tab=\"2\" aria-labelledby=\"trovo-j-2023-ked-a-ked-construmos-o-led-50-um-modelo-de-transio-para-os-ambientes-educativos-inovadores-trabalho-de-projeto\"><p>Mestrado de Recursos Digitais em Educa\u00e7\u00e3o, Escola Superior de Educa\u00e7\u00e3o de Santar\u00e9m, Santar\u00e9m, Portugal.\u00a0<a href=\"http:\/\/hdl.handle.net\/10400.15\/4359\" target=\"_blank\" rel=\"noopener\">http:\/\/hdl.handle.net\/10400.15\/4359<\/a><\/p><\/div>\n\t\t\t\t\t<\/div><div class=\"eael-accordion-list\">\n\t\t\t\t\t<div id=\"moita-a-r-2023-projeto-laboratrio-de-ideias-um-ambiente-educativo-inovador-numa-escola-de-1-ceb-trabalho-de-projeto\" class=\"elementor-tab-title eael-accordion-header\" tabindex=\"0\" data-tab=\"3\" aria-controls=\"elementor-tab-content-2633\"><span class=\"eael-advanced-accordion-icon-closed\"><i aria-hidden=\"true\" class=\"fa-accordion-icon fas fa-plus\"><\/i><\/span><span class=\"eael-advanced-accordion-icon-opened\"><i aria-hidden=\"true\" class=\"fa-accordion-icon fas fa-minus\"><\/i><\/span><span class=\"eael-accordion-tab-title\">Moita, A. R. (2023). Projeto Laborat\u00f3rio de ideias - Um Ambiente Educativo Inovador numa escola de 1.\u00ba CEB [Trabalho de Projeto]<\/span><i aria-hidden=\"true\" class=\"fa-toggle fas fa-angle-right\"><\/i><\/div><div id=\"elementor-tab-content-2633\" class=\"eael-accordion-content clearfix\" data-tab=\"3\" aria-labelledby=\"moita-a-r-2023-projeto-laboratrio-de-ideias-um-ambiente-educativo-inovador-numa-escola-de-1-ceb-trabalho-de-projeto\"><p>Mestrado de Recursos Digitais em Educa\u00e7\u00e3o, Escola Superior de Educa\u00e7\u00e3o de Santar\u00e9m, Santar\u00e9m, Portugal.\u00a0<a href=\"http:\/\/hdl.handle.net\/10400.15\/4012\" target=\"_blank\" rel=\"noopener\">http:\/\/hdl.handle.net\/10400.15\/4012<\/a><\/p><\/div>\n\t\t\t\t\t<\/div><div class=\"eael-accordion-list\">\n\t\t\t\t\t<div id=\"cavadas-b-correia-m-2022-students-perceptions-of-an-innovative-learning-environment-in-higher-education-an-exploratory-analysis\" class=\"elementor-tab-title eael-accordion-header\" tabindex=\"0\" data-tab=\"4\" aria-controls=\"elementor-tab-content-2634\"><span class=\"eael-advanced-accordion-icon-closed\"><i aria-hidden=\"true\" class=\"fa-accordion-icon fas fa-plus\"><\/i><\/span><span class=\"eael-advanced-accordion-icon-opened\"><i aria-hidden=\"true\" class=\"fa-accordion-icon fas fa-minus\"><\/i><\/span><span class=\"eael-accordion-tab-title\">Cavadas, B. &amp; Correia, M. (2022). Students\u2019 perceptions of an innovative learning environment in higher education: an exploratory analysis<\/span><i aria-hidden=\"true\" class=\"fa-toggle fas fa-angle-right\"><\/i><\/div><div id=\"elementor-tab-content-2634\" class=\"eael-accordion-content clearfix\" data-tab=\"4\" aria-labelledby=\"cavadas-b-correia-m-2022-students-perceptions-of-an-innovative-learning-environment-in-higher-education-an-exploratory-analysis\"><p><a href=\"https:\/\/revistas.um.es\/cpd\/article\/view\/468741\/322731\">Vista de Percepci\u00f3n de los estudiantes de la Educaci\u00f3n Superior sobre un entorno de aprendizaje innovador en la educaci\u00f3n superior (um.es)<\/a><\/p><\/div>\n\t\t\t\t\t<\/div><div class=\"eael-accordion-list\">\n\t\t\t\t\t<div id=\"correia-m-cavadas-b-2020-ambientes-educativos-inovadores-um-percurso-de-formao-de-professores\" class=\"elementor-tab-title eael-accordion-header\" tabindex=\"0\" data-tab=\"5\" aria-controls=\"elementor-tab-content-2635\"><span class=\"eael-advanced-accordion-icon-closed\"><i aria-hidden=\"true\" class=\"fa-accordion-icon fas fa-plus\"><\/i><\/span><span class=\"eael-advanced-accordion-icon-opened\"><i aria-hidden=\"true\" class=\"fa-accordion-icon fas fa-minus\"><\/i><\/span><span class=\"eael-accordion-tab-title\">Correia, M., &amp; Cavadas, B. (2020). Ambientes Educativos Inovadores: Um percurso de forma\u00e7\u00e3o de professores<\/span><i aria-hidden=\"true\" class=\"fa-toggle fas fa-angle-right\"><\/i><\/div><div id=\"elementor-tab-content-2635\" class=\"eael-accordion-content clearfix\" data-tab=\"5\" aria-labelledby=\"correia-m-cavadas-b-2020-ambientes-educativos-inovadores-um-percurso-de-formao-de-professores\"><p>IndagatioDidactica, 12(3), 285-301.\u00a0<a href=\"https:\/\/doi.org\/10.34624\/id.v12i3.20088\">https:\/\/doi.org\/10.34624\/id.v12i3.20088<\/a><\/p><\/div>\n\t\t\t\t\t<\/div><div class=\"eael-accordion-list\">\n\t\t\t\t\t<div id=\"cavadas-b-correia-m-2020-concees-dos-professores-sobre-ambientes-educativos-tradicionais-e-ambientes-educativos-inovadores\" class=\"elementor-tab-title eael-accordion-header\" tabindex=\"0\" data-tab=\"6\" aria-controls=\"elementor-tab-content-2636\"><span class=\"eael-advanced-accordion-icon-closed\"><i aria-hidden=\"true\" class=\"fa-accordion-icon fas fa-plus\"><\/i><\/span><span class=\"eael-advanced-accordion-icon-opened\"><i aria-hidden=\"true\" class=\"fa-accordion-icon fas fa-minus\"><\/i><\/span><span class=\"eael-accordion-tab-title\">Cavadas, B., &amp; Correia, M. (2020). Conce\u00e7\u00f5es dos professores sobre Ambientes Educativos Tradicionais e Ambientes Educativos Inovadores<\/span><i aria-hidden=\"true\" class=\"fa-toggle fas fa-angle-right\"><\/i><\/div><div id=\"elementor-tab-content-2636\" class=\"eael-accordion-content clearfix\" data-tab=\"6\" aria-labelledby=\"cavadas-b-correia-m-2020-concees-dos-professores-sobre-ambientes-educativos-tradicionais-e-ambientes-educativos-inovadores\"><p>Revista Internacional de Forma\u00e7\u00e3o de Professores, 5, e020020. <a href=\"https:\/\/periodicos.itp.ifsp.edu.br\/index.php\/RIFP\/article\/view\/1873\"><strong>https:\/\/periodicos.itp.ifsp.edu.br\/index.php\/RIFP\/article\/view\/1873<\/strong><\/a><\/p><\/div>\n\t\t\t\t\t<\/div><div class=\"eael-accordion-list\">\n\t\t\t\t\t<div id=\"cavadas-b-correia-m-2019-teachers-conceptions-about-innovative-learning-environments\" class=\"elementor-tab-title eael-accordion-header\" tabindex=\"0\" data-tab=\"7\" aria-controls=\"elementor-tab-content-2637\"><span class=\"eael-advanced-accordion-icon-closed\"><i aria-hidden=\"true\" class=\"fa-accordion-icon fas fa-plus\"><\/i><\/span><span class=\"eael-advanced-accordion-icon-opened\"><i aria-hidden=\"true\" class=\"fa-accordion-icon fas fa-minus\"><\/i><\/span><span class=\"eael-accordion-tab-title\">Cavadas, B., &amp; Correia, M. (2019). Teachers\u2019 Conceptions about Innovative Learning Environments<\/span><i aria-hidden=\"true\" class=\"fa-toggle fas fa-angle-right\"><\/i><\/div><div id=\"elementor-tab-content-2637\" class=\"eael-accordion-content clearfix\" data-tab=\"7\" aria-labelledby=\"cavadas-b-correia-m-2019-teachers-conceptions-about-innovative-learning-environments\"><p>2019 International Symposium on Computers in Education (SIIE). IEEE Xplore. Retrieved from <strong><a href=\"https:\/\/ieeexplore.ieee.org\/document\/8970115\">https:\/\/ieeexplore.ieee.org\/document\/8970115<\/a><\/strong><\/p><\/div>\n\t\t\t\t\t<\/div><div class=\"eael-accordion-list\">\n\t\t\t\t\t<div id=\"correia-m-cavadas-b-2019-as-implicaes-dos-ambientes-educativos-inovadores-para-as-prticas-dos-professores\" class=\"elementor-tab-title eael-accordion-header\" tabindex=\"0\" data-tab=\"8\" aria-controls=\"elementor-tab-content-2638\"><span class=\"eael-advanced-accordion-icon-closed\"><i aria-hidden=\"true\" class=\"fa-accordion-icon fas fa-plus\"><\/i><\/span><span class=\"eael-advanced-accordion-icon-opened\"><i aria-hidden=\"true\" class=\"fa-accordion-icon fas fa-minus\"><\/i><\/span><span class=\"eael-accordion-tab-title\">Correia, M., &amp; Cavadas, B. (2019). As implica\u00e7\u00f5es dos ambientes educativos inovadores para as pr\u00e1ticas dos professores<\/span><i aria-hidden=\"true\" class=\"fa-toggle fas fa-angle-right\"><\/i><\/div><div id=\"elementor-tab-content-2638\" class=\"eael-accordion-content clearfix\" data-tab=\"8\" aria-labelledby=\"correia-m-cavadas-b-2019-as-implicaes-dos-ambientes-educativos-inovadores-para-as-prticas-dos-professores\"><p>Revista de Investigaci\u00f3n Educativa Universitaria, 2(3), 143-159.\u00a0 <a href=\"http:\/\/revistas.educacioneditora.net\/index.php\/RIEU\/article\/view\/252\" target=\"_blank\" rel=\"noopener\"><u><b>http:\/\/revistas.educacioneditora.net\/index.php\/RIEU\/article\/view\/252<\/b><\/u><\/a><\/p><\/div>\n\t\t\t\t\t<\/div><div class=\"eael-accordion-list\">\n\t\t\t\t\t<div id=\"cavadas-b-correia-m-mestrinho-n-santos-r-2019-creativelab-scimath-work-dynamics-and-pedagogical-integration-in-science-and-mathematics\" class=\"elementor-tab-title eael-accordion-header\" tabindex=\"0\" data-tab=\"9\" aria-controls=\"elementor-tab-content-2639\"><span class=\"eael-advanced-accordion-icon-closed\"><i aria-hidden=\"true\" class=\"fa-accordion-icon fas fa-plus\"><\/i><\/span><span class=\"eael-advanced-accordion-icon-opened\"><i aria-hidden=\"true\" class=\"fa-accordion-icon fas fa-minus\"><\/i><\/span><span class=\"eael-accordion-tab-title\">Cavadas, B., Correia, M., Mestrinho, N., &amp; Santos, R. (2019). CreativeLab_Sci&amp;Math | Work Dynamics and Pedagogical Integration in Science and Mathematics<\/span><i aria-hidden=\"true\" class=\"fa-toggle fas fa-angle-right\"><\/i><\/div><div id=\"elementor-tab-content-2639\" class=\"eael-accordion-content clearfix\" data-tab=\"9\" aria-labelledby=\"cavadas-b-correia-m-mestrinho-n-santos-r-2019-creativelab-scimath-work-dynamics-and-pedagogical-integration-in-science-and-mathematics\"><p>Interac\u00e7\u00f5es, 15(50), 6-22. <strong><a href=\"https:\/\/doi.org\/10.25755\/int.18786\">https:\/\/doi.org\/10.25755\/int.1878<\/a><\/strong><\/p><\/div>\n\t\t\t\t\t<\/div><\/div>\t\t\t\t<\/div>\n\t\t\t\t<\/div>\n\t\t\t\t\t<\/div>\n\t\t<\/div>\n\t\t\t\t\t<\/div>\n\t\t<\/section>\n\t\t\t\t<\/div>\n\t\t","protected":false},"excerpt":{"rendered":"<p>Investiga\u00e7\u00e3o Cavadas. B. &amp; Branco. N. (Eds.), Handbook of Research on Interdisciplinarity between science and mathematics in education (pp. 286-307). IGI-Global.\u00a0https:\/\/www.igi-global.com\/chapter\/science-and-mathematics-teacher-collaboration-in-higher-education\/317909\u00a0\u00a0\u00a0\u00a0 Trov\u00e3o, J. (2023). KED a KED constru\u00edmos o LED 5.0 \u2013 Um modelo de transi\u00e7\u00e3o para os Ambientes Educativos Inovadores [Trabalho de Projeto] Mestrado de Recursos Digitais em Educa\u00e7\u00e3o, Escola Superior de Educa\u00e7\u00e3o de [&hellip;]<\/p>\n","protected":false},"author":1,"featured_media":0,"parent":0,"menu_order":0,"comment_status":"closed","ping_status":"closed","template":"","meta":{"_eb_attr":"","footnotes":""},"class_list":["post-131","page","type-page","status-publish","hentry"],"_links":{"self":[{"href":"https:\/\/w3.ese.ipsantarem.pt\/eseinv2\/wp-json\/wp\/v2\/pages\/131","targetHints":{"allow":["GET"]}}],"collection":[{"href":"https:\/\/w3.ese.ipsantarem.pt\/eseinv2\/wp-json\/wp\/v2\/pages"}],"about":[{"href":"https:\/\/w3.ese.ipsantarem.pt\/eseinv2\/wp-json\/wp\/v2\/types\/page"}],"author":[{"embeddable":true,"href":"https:\/\/w3.ese.ipsantarem.pt\/eseinv2\/wp-json\/wp\/v2\/users\/1"}],"replies":[{"embeddable":true,"href":"https:\/\/w3.ese.ipsantarem.pt\/eseinv2\/wp-json\/wp\/v2\/comments?post=131"}],"version-history":[{"count":40,"href":"https:\/\/w3.ese.ipsantarem.pt\/eseinv2\/wp-json\/wp\/v2\/pages\/131\/revisions"}],"predecessor-version":[{"id":2038,"href":"https:\/\/w3.ese.ipsantarem.pt\/eseinv2\/wp-json\/wp\/v2\/pages\/131\/revisions\/2038"}],"wp:attachment":[{"href":"https:\/\/w3.ese.ipsantarem.pt\/eseinv2\/wp-json\/wp\/v2\/media?parent=131"}],"curies":[{"name":"wp","href":"https:\/\/api.w.org\/{rel}","templated":true}]}}