{"id":67,"date":"2022-03-28T10:42:17","date_gmt":"2022-03-28T10:42:17","guid":{"rendered":"https:\/\/w3.ese.ipsantarem.pt\/eseinv2\/?page_id=67"},"modified":"2023-03-22T11:13:04","modified_gmt":"2023-03-22T11:13:04","slug":"formacao","status":"publish","type":"page","link":"https:\/\/w3.ese.ipsantarem.pt\/eseinv2\/formacao\/","title":{"rendered":"Forma\u00e7\u00e3o"},"content":{"rendered":"\t\t<div data-elementor-type=\"wp-page\" data-elementor-id=\"67\" class=\"elementor elementor-67\">\n\t\t\t\t\t\t<section class=\"elementor-section elementor-top-section elementor-element elementor-element-273e61a elementor-section-boxed elementor-section-height-default elementor-section-height-default\" data-id=\"273e61a\" data-element_type=\"section\" data-e-type=\"section\">\n\t\t\t\t\t\t<div class=\"elementor-container elementor-column-gap-default\">\n\t\t\t\t\t<div class=\"elementor-column elementor-col-100 elementor-top-column elementor-element elementor-element-2f404b3\" data-id=\"2f404b3\" data-element_type=\"column\" data-e-type=\"column\">\n\t\t\t<div class=\"elementor-widget-wrap elementor-element-populated\">\n\t\t\t\t\t\t<div class=\"elementor-element elementor-element-e92f62d elementor-widget elementor-widget-heading\" data-id=\"e92f62d\" data-element_type=\"widget\" data-e-type=\"widget\" data-widget_type=\"heading.default\">\n\t\t\t\t<div class=\"elementor-widget-container\">\n\t\t\t\t\t<h5 class=\"elementor-heading-title elementor-size-default\">Forma\u00e7\u00e3o<\/h5>\t\t\t\t<\/div>\n\t\t\t\t<\/div>\n\t\t\t\t\t<\/div>\n\t\t<\/div>\n\t\t\t\t\t<\/div>\n\t\t<\/section>\n\t\t\t\t<section class=\"elementor-section elementor-top-section elementor-element elementor-element-a5557a1 elementor-section-boxed elementor-section-height-default elementor-section-height-default\" data-id=\"a5557a1\" data-element_type=\"section\" data-e-type=\"section\">\n\t\t\t\t\t\t<div class=\"elementor-container elementor-column-gap-default\">\n\t\t\t\t\t<div class=\"elementor-column elementor-col-100 elementor-top-column elementor-element elementor-element-c2985f3\" data-id=\"c2985f3\" data-element_type=\"column\" data-e-type=\"column\">\n\t\t\t<div class=\"elementor-widget-wrap elementor-element-populated\">\n\t\t\t\t\t\t<div class=\"elementor-element elementor-element-b84c42e elementor-widget elementor-widget-eael-adv-accordion\" data-id=\"b84c42e\" data-element_type=\"widget\" data-e-type=\"widget\" data-widget_type=\"eael-adv-accordion.default\">\n\t\t\t\t<div class=\"elementor-widget-container\">\n\t\t\t\t\t            <div class=\"eael-adv-accordion\" id=\"eael-adv-accordion-b84c42e\" data-scroll-on-click=\"no\" data-scroll-speed=\"300\" data-accordion-id=\"b84c42e\" data-accordion-type=\"accordion\" data-toogle-speed=\"300\">\n            <div class=\"eael-accordion-list\">\n\t\t\t\t\t<div id=\"20222023\" class=\"elementor-tab-title eael-accordion-header\" tabindex=\"0\" data-tab=\"1\" aria-controls=\"elementor-tab-content-1931\"><span class=\"eael-advanced-accordion-icon-closed\"><i aria-hidden=\"true\" class=\"fa-accordion-icon fas fa-plus\"><\/i><\/span><span class=\"eael-advanced-accordion-icon-opened\"><i aria-hidden=\"true\" class=\"fa-accordion-icon fas fa-minus\"><\/i><\/span><span class=\"eael-accordion-tab-title\">2022\/2023<\/span><i aria-hidden=\"true\" class=\"fa-toggle fas fa-angle-right\"><\/i><\/div><div id=\"elementor-tab-content-1931\" class=\"eael-accordion-content clearfix\" data-tab=\"1\" aria-labelledby=\"20222023\"><p><img fetchpriority=\"high\" decoding=\"async\" class=\"alignnone size-medium wp-image-2006\" src=\"https:\/\/w3.ese.ipsantarem.pt\/eseinv2\/wp-content\/uploads\/2023\/03\/ILS-002-300x300.jpg\" alt=\"\" width=\"300\" height=\"300\" srcset=\"https:\/\/w3.ese.ipsantarem.pt\/eseinv2\/wp-content\/uploads\/2023\/03\/ILS-002-300x300.jpg 300w, https:\/\/w3.ese.ipsantarem.pt\/eseinv2\/wp-content\/uploads\/2023\/03\/ILS-002-150x150.jpg 150w, https:\/\/w3.ese.ipsantarem.pt\/eseinv2\/wp-content\/uploads\/2023\/03\/ILS-002.jpg 526w\" sizes=\"(max-width: 300px) 100vw, 300px\" \/><\/p><\/div>\n\t\t\t\t\t<\/div><div class=\"eael-accordion-list\">\n\t\t\t\t\t<div id=\"20202021\" class=\"elementor-tab-title eael-accordion-header\" tabindex=\"0\" data-tab=\"2\" aria-controls=\"elementor-tab-content-1932\"><span class=\"eael-advanced-accordion-icon-closed\"><i aria-hidden=\"true\" class=\"fa-accordion-icon fas fa-plus\"><\/i><\/span><span class=\"eael-advanced-accordion-icon-opened\"><i aria-hidden=\"true\" class=\"fa-accordion-icon fas fa-minus\"><\/i><\/span><span class=\"eael-accordion-tab-title\">2020\/2021<\/span><i aria-hidden=\"true\" class=\"fa-toggle fas fa-angle-right\"><\/i><\/div><div id=\"elementor-tab-content-1932\" class=\"eael-accordion-content clearfix\" data-tab=\"2\" aria-labelledby=\"20202021\"><p><img decoding=\"async\" class=\"alignnone size-medium wp-image-1421\" src=\"https:\/\/w3.ese.ipsantarem.pt\/eseinv2\/wp-content\/uploads\/2022\/04\/Propostas-de-trabalho-interdisciplinares-em-SciMath-212x300.jpg\" alt=\"\" width=\"212\" height=\"300\" srcset=\"https:\/\/w3.ese.ipsantarem.pt\/eseinv2\/wp-content\/uploads\/2022\/04\/Propostas-de-trabalho-interdisciplinares-em-SciMath-212x300.jpg 212w, https:\/\/w3.ese.ipsantarem.pt\/eseinv2\/wp-content\/uploads\/2022\/04\/Propostas-de-trabalho-interdisciplinares-em-SciMath.jpg 550w\" sizes=\"(max-width: 212px) 100vw, 212px\" \/><br \/><br \/><\/p><p>\u2013 <a href=\"http:\/\/www.appbg.pt\/formacao\/43\">Laborat\u00f3rios Virtuais no Ensino Experimental das Ci\u00eancias (grupos 510 e 520)<\/a><\/p><p>\u2013 <a href=\"http:\/\/www.appbg.pt\/formacao\/37\">Laborat\u00f3rios Virtuais no Ensino Experimental das Ci\u00eancias<\/a><\/p><\/div>\n\t\t\t\t\t<\/div><div class=\"eael-accordion-list\">\n\t\t\t\t\t<div id=\"aulas-abertas\" class=\"elementor-tab-title eael-accordion-header\" tabindex=\"0\" data-tab=\"3\" aria-controls=\"elementor-tab-content-1933\"><span class=\"eael-advanced-accordion-icon-closed\"><i aria-hidden=\"true\" class=\"fa-accordion-icon fas fa-plus\"><\/i><\/span><span class=\"eael-advanced-accordion-icon-opened\"><i aria-hidden=\"true\" class=\"fa-accordion-icon fas fa-minus\"><\/i><\/span><span class=\"eael-accordion-tab-title\">Aulas abertas<\/span><i aria-hidden=\"true\" class=\"fa-toggle fas fa-angle-right\"><\/i><\/div><div id=\"elementor-tab-content-1933\" class=\"eael-accordion-content clearfix\" data-tab=\"3\" aria-labelledby=\"aulas-abertas\"><p><img decoding=\"async\" class=\"alignnone size-medium wp-image-1423\" src=\"https:\/\/w3.ese.ipsantarem.pt\/eseinv2\/wp-content\/uploads\/2022\/04\/Aul-Aberta-AEI-198x300.jpg\" alt=\"\" width=\"198\" height=\"300\" srcset=\"https:\/\/w3.ese.ipsantarem.pt\/eseinv2\/wp-content\/uploads\/2022\/04\/Aul-Aberta-AEI-198x300.jpg 198w, https:\/\/w3.ese.ipsantarem.pt\/eseinv2\/wp-content\/uploads\/2022\/04\/Aul-Aberta-AEI.jpg 550w\" sizes=\"(max-width: 198px) 100vw, 198px\" \/><\/p><p>Poder\u00e1 aceder \u00e0 forma\u00e7\u00e3o em Ambientes Educativos Inovadores no <a href=\"https:\/\/siese.ipsantarem.pt\/ese\/cursos_geral.FormView?P_CUR_SIGLA=MRDE\"><b><u>Mestrado em Recursos Digitais em Educa\u00e7\u00e3o<\/u><\/b><\/a> da Escola Superior de Educa\u00e7\u00e3o de Santar\u00e9m.<br \/><br \/><strong>Unidade Curricular: Ambientes Educativos Inovadores<\/strong><br \/><br \/><strong>Objetivos de Aprendizagem (conhecimento, aptid\u00f5es e compet\u00eancias a desenvolver pelos estudantes)<\/strong><br \/><br \/>No final desta unidade curricular o estudante deve ser capaz de:<\/p><ol><li>Caracterizar os ambientes educativos inovadores (AEI);<\/li><li>Promover o desenvolvimento das compet\u00eancias para o S\u00e9culo XXI em AEI;<\/li><li>Caracterizar os modelos e as estrat\u00e9gias de ensino associados aos AEI;<\/li><li>Analisar criticamente diferentes modelos e pr\u00e1ticas em AEI;<\/li><li>Construir, implementar e avaliar atividades de aprendizagem em AEI;<\/li><li>Refletir sobre o contributo dos AEI na inova\u00e7\u00e3o do ensino, na gest\u00e3o curricular e nas pr\u00e1ticas dos professores.<\/li><\/ol><p><strong>Conte\u00fados program\u00e1ticos<\/strong><\/p><ol><li>Defini\u00e7\u00e3o, princ\u00edpios e caracter\u00edsticas gerais dos Ambientes Educativos Inovadores (AEI);<\/li><li>As compet\u00eancias para o S\u00e9culo XXI;<\/li><li>Modelos e metodologias de ensino inovadoras: Flipped learning; Problem-Based Learning (PBL); Project-based Learning (PjBL); Inquiry-Based Learning (IBL); Process-Oriented Guided Inquiry Learning (POGIL); Game-Based Learning (GBL); Gamification; Cen\u00e1rios de aprendizagem; Bring Your Own Device (BYOD), Co-teaching, Modelo de Ensino dos 7E;<\/li><li>Conce\u00e7\u00e3o, implementa\u00e7\u00e3o e avalia\u00e7\u00e3o de situa\u00e7\u00f5es de aprendizagem em AEI.<\/li><\/ol><\/div>\n\t\t\t\t\t<\/div><\/div>\t\t\t\t<\/div>\n\t\t\t\t<\/div>\n\t\t\t\t\t<\/div>\n\t\t<\/div>\n\t\t\t\t\t<\/div>\n\t\t<\/section>\n\t\t\t\t<\/div>\n\t\t","protected":false},"excerpt":{"rendered":"<p>Forma\u00e7\u00e3o 2022\/2023 2020\/2021 \u2013 Laborat\u00f3rios Virtuais no Ensino Experimental das Ci\u00eancias (grupos 510 e 520) \u2013 Laborat\u00f3rios Virtuais no Ensino Experimental das Ci\u00eancias Aulas abertas Poder\u00e1 aceder \u00e0 forma\u00e7\u00e3o em Ambientes Educativos Inovadores no Mestrado em Recursos Digitais em Educa\u00e7\u00e3o da Escola Superior de Educa\u00e7\u00e3o de Santar\u00e9m. Unidade Curricular: Ambientes Educativos Inovadores Objetivos de Aprendizagem [&hellip;]<\/p>\n","protected":false},"author":1,"featured_media":0,"parent":0,"menu_order":0,"comment_status":"closed","ping_status":"closed","template":"","meta":{"_eb_attr":"","footnotes":""},"class_list":["post-67","page","type-page","status-publish","hentry"],"_links":{"self":[{"href":"https:\/\/w3.ese.ipsantarem.pt\/eseinv2\/wp-json\/wp\/v2\/pages\/67","targetHints":{"allow":["GET"]}}],"collection":[{"href":"https:\/\/w3.ese.ipsantarem.pt\/eseinv2\/wp-json\/wp\/v2\/pages"}],"about":[{"href":"https:\/\/w3.ese.ipsantarem.pt\/eseinv2\/wp-json\/wp\/v2\/types\/page"}],"author":[{"embeddable":true,"href":"https:\/\/w3.ese.ipsantarem.pt\/eseinv2\/wp-json\/wp\/v2\/users\/1"}],"replies":[{"embeddable":true,"href":"https:\/\/w3.ese.ipsantarem.pt\/eseinv2\/wp-json\/wp\/v2\/comments?post=67"}],"version-history":[{"count":16,"href":"https:\/\/w3.ese.ipsantarem.pt\/eseinv2\/wp-json\/wp\/v2\/pages\/67\/revisions"}],"predecessor-version":[{"id":2012,"href":"https:\/\/w3.ese.ipsantarem.pt\/eseinv2\/wp-json\/wp\/v2\/pages\/67\/revisions\/2012"}],"wp:attachment":[{"href":"https:\/\/w3.ese.ipsantarem.pt\/eseinv2\/wp-json\/wp\/v2\/media?parent=67"}],"curies":[{"name":"wp","href":"https:\/\/api.w.org\/{rel}","templated":true}]}}